?
7, 41, 1321
List the prime factors of 528927.
3, 7, 89, 283
List the prime factors of 10159977.
3, 59, 61, 941
What are the prime factors of 841171?
587, 1433
What are the prime factors of 15867530?
2, 5, 7, 419, 541
List the prime factors of 964172.
2, 11, 17, 1289
What are the prime factors of 39090?
2, 3, 5, 1303
What are the prime factors of 123005?
5, 73, 337
What are the prime factors of 8248?
2, 1031
List the prime factors of 10425269.
31, 97, 3467
List the prime factors of 607211.
11, 55201
List the prime factors of 7891725.
3, 5, 139, 757
What are the prime factors of 255755?
5, 51151
What are the prime factors of 322191?
3, 11933
What are the prime factors of 40192?
2, 157
List the prime factors of 1946514.
2, 3, 324419
List the prime factors of 86168.
2, 10771
What are the prime factors of 468244?
2, 7, 2389
What are the prime factors of 521602?
2, 41, 6361
List the prime factors of 377536.
2, 17, 347
List the prime factors of 12024931.
31, 41, 9461
What are the prime factors of 625051?
7, 89293
What are the prime factors of 7517316?
2, 3, 626443
List the prime factors of 5047838.
2, 41, 61559
What are the prime factors of 287351?
17, 16903
What are the prime factors of 3216763?
11, 229, 1277
What are the prime factors of 2051746?
2, 1025873
What are the prime factors of 2140477?
2140477
What are the prime factors of 1213444?
2, 303361
List the prime factors of 316697.
316697
List the prime factors of 190374.
2, 3, 31729
What are the prime factors of 232384?
2, 3631
List the prime factors of 1445964.
2, 3, 13, 23, 31
List the prime factors of 4784445.
3, 5, 106321
What are the prime factors of 172831?
401, 431
List the prime factors of 199977.
3, 191, 349
List the prime factors of 198211.
13, 79, 193
List the prime factors of 351804.
2, 3, 19, 1543
What are the prime factors of 6643576?
2, 830447
List the prime factors of 13178309.
13178309
List the prime factors of 184214.
2, 92107
List the prime factors of 2921950.
2, 5, 58439
What are the prime factors of 383453?
7, 54779
List the prime factors of 22269897.
3, 13, 21149
List the prime factors of 372795.
3, 5, 29, 857
List the prime factors of 857830.
2, 5, 109, 787
What are the prime factors of 1862072?
2, 43, 5413
List the prime factors of 6239554.
2, 1327, 2351
What are the prime factors of 3007129?
3007129
List the prime factors of 2734839.
3, 303871
List the prime factors of 33127187.
463, 71549
What are the prime factors of 256826?
2, 128413
List the prime factors of 8142938.
2, 47, 86627
What are the prime factors of 6622992?
2, 3, 15331
What are the prime factors of 2020209?
3, 673403
List the prime factors of 448054.
2, 224027
List the prime factors of 3912393.
3, 1304131
What are the prime factors of 9551883?
3, 11, 37, 7823
What are the prime factors of 3700513?
53, 69821
List the prime factors of 22336253.
1181, 18913
What are the prime factors of 1368431?
23, 59497
List the prime factors of 134057.
7, 11, 1741
List the prime factors of 5488441.
7, 101, 1109
List the prime factors of 1161695.
5, 17, 79, 173
What are the prime factors of 141368?
2, 41, 431
What are the prime factors of 16653871?
13, 59, 21713
List the prime factors of 6692301.
3, 7, 11, 29, 37
List the prime factors of 298699.
19, 79, 199
List the prime factors of 543408.
2, 3, 11321
What are the prime factors of 480272?
2, 13, 2309
List the prime factors of 32519098.
2, 16259549
List the prime factors of 3541258.
2, 7, 19, 13313
List the prime factors of 14356518.
2, 3, 11, 37, 5879
List the prime factors of 1147502.
2, 71, 8081
What are the prime factors of 539889?
3, 7, 47, 547
What are the prime factors of 2439806?
2, 17, 73, 983
What are the prime factors of 366178?
2, 183089
What are the prime factors of 1880291?
7, 268613
What are the prime factors of 10970102?
2, 11, 13, 317
What are the prime factors of 1428173?
19, 75167
List the prime factors of 447404.
2, 37, 3023
What are the prime factors of 3159363?
3, 509, 2069
What are the prime factors of 1147137?
3, 59, 6481
List the prime factors of 2402206.
2, 1201103
List the prime factors of 101036.
2, 13, 29, 67
List the prime factors of 151479.
3, 16831
List the prime factors of 4416278.
2, 53, 61, 683
List the prime factors of 250319.
53, 4723
What are the prime factors of 14013627?
3, 17, 274777
List the prime factors of 1266362.
2, 37, 109, 157
What are the prime factors of 14225049?
3, 1580561
What are the prime factors of 18010?
2, 5, 1801
What are the prime factors of 8637724?
2, 37, 58363
What are the prime factors of 17645704?
2, 2205713
What are the prime factors of 83139?
3, 7, 37, 107
What are the prime factors of 2475697?
7, 23, 15377
What are the prime factors of 308551?
308551
List the prime factors of 288152.
2, 181, 199
What are the prime factors of 28525?
5, 7, 163
What are the prime factors of 2742582?
2, 3, 457097
List the prime factors of 556250.
2, 5, 89
What are the prime factors of 867791?
127, 6833
List the prime factors of 22316744.
2, 2789593
What are the prime factors of 2916433?
13, 17257
List the prime factors of 21788.
2, 13, 419
What are the prime factors of 129265?
5, 103, 251
List the prime factors of 225807.
3, 75269
What are the prime factors of 846736?
2, 11, 17, 283
List the prime factors of 1162579.
11, 17, 6217
List the prime factors of 116690.
2, 5, 7, 1667
What are the prime factors of 208413?
3, 31, 83
List the prime factors of 3142142.
2, 281, 5591
List the prime factors of 2280503.
2280503
What are the prime factors of 3180571?
373, 8527
What are the prime factors of 20334333?
3, 6778111
What are the prime factors of 294808?
2, 43, 857
List the prime factors of 278091.
3, 11, 53
List the prime factors of 2415297.
3, 805099
List the prime factors of 80849.
80849
What are the prime factors of 266532?
2, 3, 7, 19, 167
What are the prime factors of 4761073?
31, 383, 401
List the prime factors of 218093.
17, 12829
What are the prime factors of 4092326?
2, 7, 292309
What are the prime factors of 396411?
3, 132137
What are the prime factors of 359744?
2, 7, 11, 73
What are the prime factors of 15222811?
1621, 9391
What are the prime factors of 514840?
2, 5, 61, 211
List the prime factors of 60554.
2, 13, 17, 137
What are the prime factors of 249707?
71, 3517
List the prime factors of 19843.
19843
What are the prime factors of 171102?
2, 3, 28517
What are the prime factors of 8179064?
2, 1022383
What are the prime factors of 320540?
2, 5, 11, 31, 47
List the prime factors of 1513504.
2, 47297
List the prime factors of 1240164.
2, 3, 11483
List the prime factors of 302416.
2, 41, 461
What are the prime factors of 290844?
2, 3, 2693
What are the prime factors of 10032794?
2, 53, 94649
What are the prime factors of 1004643?
3, 79, 157
List the prime factors of 738629.
601, 1229
List the prime factors of 10032931.
19, 113, 4673
What are the prime factors of 2114993?
389, 5437
List the prime factors of 107309.
107309
What are the prime factors of 262046?
2, 131023
What are the prime factors of 1050792?
2, 3, 43783
List the prime factors of 965624.
2, 11, 10973
What are the prime factors of 2140071?
3, 713357
What are the prime factors of 21697861?
31, 699931
List the prime factors of 85056.
2, 3, 443
List the prime factors of 24073653.
3, 101, 79451
What are the prime factors of 617085?
3, 5, 7, 653
What are the prime factors of 2608168?
2, 19, 17159
List the prime factors of 653408.
2, 7, 2917
List the prime factors of 931227.
3, 11, 28219
What are the prime factors of 120020?
2, 5, 17, 353
What are the prime factors of 14297863?
53, 101, 2671
List the prime factors of 7289764.
2, 1822441
What are the prime factors of 4840052?
2, 7, 172859
What are the prime factors of 1105730?
2, 5, 110573
List the prime factors of 291347.
7, 41621
What are the prime factors of 19100654?
2, 9550327
What are the prime factors of 110182?
2, 89, 619
List the prime factors of 2030929.
19, 139, 769
What are the prime factors of 741511?
157, 4723
What are the prime factors of 6719840?
2, 5, 41999
What are the prime factors of 25268476?
2, 6317119
What are the prime factors of 975981?
3, 113, 2879
What are the prime factors of 259035?
3, 5, 7, 2467
List the prime factors of 2192814.
2, 3, 13, 9371
List the prime factors of 357641